51 prime?
False
Is 1231456103 a prime number?
False
Is 108913307 a prime number?
True
Is 78045037 composite?
True
Is 6721635731 a composite number?
False
Is 88042089869 a composite number?
True
Is 2153255129 prime?
True
Is 4474518223 prime?
False
Is 177072227 composite?
False
Is 416955767 prime?
True
Is 6856260709 prime?
True
Is 23688410413 prime?
False
Is 100710174671 prime?
False
Is 547211089 a composite number?
False
Is 4308410423 prime?
True
Is 7374151549 prime?
True
Is 23144418431 a composite number?
False
Is 288082871 composite?
True
Is 12333069079 a prime number?
True
Is 4153908427 prime?
True
Is 105636309407 composite?
False
Is 1204758781 composite?
False
Is 23263943551 a prime number?
False
Is 1585360327 a composite number?
True
Is 38107081267 prime?
False
Is 6369577211 composite?
True
Is 793284097 a prime number?
False
Is 38876753 a prime number?
True
Is 8134025311 prime?
True
Is 14957673377 composite?
False
Is 243424499 composite?
True
Is 10392546833 a composite number?
True
Is 6994164467 composite?
False
Is 1224764147 a prime number?
True
Is 7295105647 composite?
False
Is 2020437619 a composite number?
True
Is 21654841 a composite number?
True
Is 9148063303 prime?
True
Is 1165157263 a composite number?
True
Is 7791852473 a composite number?
False
Is 1416928958 a prime number?
False
Is 309190027 a prime number?
True
Is 3765535261 a prime number?
True
Is 320018681 a composite number?
False
Is 5978148689 prime?
True
Is 16781838091 a prime number?
True
Is 104262463421 a prime number?
True
Is 25243364873 a prime number?
False
Is 2109394894 composite?
True
Is 206163677 composite?
False
Is 209896333 a composite number?
False
Is 71860787 composite?
False
Is 2164928686 composite?
True
Is 473553449 a composite number?
False
Is 104127133547 a prime number?
True
Is 897934799 prime?
False
Is 1406240081 prime?
True
Is 172163557 a prime number?
False
Is 207167902049 a composite number?
False
Is 6406957499 composite?
True
Is 53829197 composite?
False
Is 3237663553 a prime number?
True
Is 46388052547 a composite number?
False
Is 1693177787 a prime number?
False
Is 99970061 prime?
True
Is 5732537351 a prime number?
True
Is 18901539157 prime?
True
Is 1691167747 a composite number?
True
Is 7553621143 a composite number?
True
Is 7946888233 composite?
True
Is 21253010521 composite?
True
Is 175203521 a prime number?
False
Is 96654392455 a prime number?
False
Is 5947480949 composite?
False
Is 1143094847 prime?
False
Is 3780268913 prime?
True
Is 415558111 a composite number?
False
Is 23869848887 a prime number?
False
Is 2263602041 prime?
True
Is 4492971193 prime?
True
Is 50494789 composite?
False
Is 146133338163 a composite number?
True
Is 1827431 composite?
False
Is 242121689 prime?
True
Is 396230431 prime?
True
Is 178372241 composite?
False
Is 2949533453 a composite number?
True
Is 157420381 a prime number?
False
Is 60315442493 a composite number?
True
Is 13503291463 composite?
False
Is 2729198821 a prime number?
True
Is 6370941041 a prime number?
True
Is 31855638559 a composite number?
False
Is 602306521 a composite number?
True
Is 2322595507 composite?
True
Is 10569616907 prime?
False
Is 26488296221 prime?
True
Is 70441337111 composite?
False
Is 608378123 composite?
False
Is 7266902021 a composite number?
False
Is 26555115017 prime?
False
Is 140990537377 a prime number?
True
Is 3117329363 a composite number?
True
Is 148852075661 a prime number?
False
Is 32619514189 a composite number?
False
Is 150716381 a composite number?
True
Is 20000757989 prime?
True
Is 2741434809 a prime number?
False
Is 45869622063 a prime number?
False
Is 8390181493 prime?
False
Is 6683000227 composite?
True
Is 1788857003 composite?
False
Is 3027417781 prime?
False
Is 60568642637 composite?
True
Is 1223037379 a prime number?
False
Is 6898180153 composite?
False
Is 579869743 composite?
False
Is 4196454277 a prime number?
True
Is 409 a prime number?
True
Is 21171937 prime?
False
Is 4268326994 composite?
True
Is 10390199753 a prime number?
True
Is 720310163 composite?
False
Is 6363694847 prime?
False
Is 100505467 a composite number?
False
Is 717035479 composite?
False
Is 33024680243 a composite number?
False
Is 503305087 prime?
False
Is 170392931 composite?
True
Is 1041657611 prime?
True
Is 1406868941 a prime number?
False
Is 85733051411 composite?
True
Is 600237839 a composite number?
True
Is 128447941 a prime number?
True
Is 95241578339 prime?
True
Is 509245349 prime?
True
Is 518609449 a composite number?
False
Is 2344468307 prime?
True
Is 3660181453 a prime number?
True
Is 250679357 a composite number?
True
Is 303326071 composite?
True
Is 2174749231 composite?
True
Is 197172819719 a prime number?
False
Is 1597077739 prime?
True
Is 225730991 a composite number?
True
Is 350339039 a composite number?
False
Is 1840849889 a composite number?
True
Is 715207771 prime?
True
Is 24647527 composite?
False
Is 16614281167 prime?
False
Is 8169483821 a prime number?
False
Is 766653941 composite?
True
Is 55553643811 a prime number?
True
Is 60848540647 a composite number?
True
Is 56341710263 prime?
False
Is 1621443179 prime?
True
Is 8412050239 a composite number?
False
Is 118455773081 a prime number?
True
Is 23105032417 prime?
True
Is 3803692909 a prime number?
True
Is 8477181761 composite?
False
Is 32845819957 a composite number?
True
Is 8604231806 composite?
True
Is 648043261 a prime number?
True
Is 53650383307 a prime number?
True
Is 580038673 a composite number?
True
Is 2074770073 prime?
False
Is 28673855961 composite?
True
Is 1173362527 a prime number?
False
Is 345026971 a prime number?
True
Is 13514784533 prime?
False
Is 438283471 a prime number?
True
Is 154940327 composite?
False
Is 8520121429 a composite number?
False
Is 10864566469 composite?
False
Is 3535802513 a composite number?
True
Is 911761973 a prime number?
True
Is 151405951 a prime number?
True
Is 133684757 a prime number?
True
Is 48716009 a composite number?
False
Is 575740411 prime?
False
Is 3536158597 a prime number?
True
Is 6854485513 prime?
False
Is 2080867 composite?
True
Is 2823159557 a prime number?
True
Is 817710259 a composite number?
False
Is 8451817037 a composite number?
True
Is 38454106447 a prime number?
False
Is 7669041043 prime?
True
Is 3590003941 a composite number?
True
Is 25105724839 composite?
True
Is 4852421581 a prime number?
False
Is 59584886527 a composite number?
True
Is 2543025197 prime?
False
Is 46792336099 a composite number?
True
Is 1211758729 prime?
False
Is 59569106747 a prime number?
False
Is 1155215609 prime?
False
Is 378185447 a prime number?
False
Is 16005125009 a prime number?
True
Is 26360563 a composite number?
False
Is 207074573 a composite number?
False
Is 5593370489 prime?
False
Is 99645561777 a prime number?
False
Is 11119390663 composite?
True
Is 9333210301 a prime number?
True
Is 636048337 prime?
True
Is 1256509621 composite?
False
Is 3085409347 a prime number?
True
Is 13277159447 a composite number?
False
Is 1571176981 a prime number?
False
Is 9059329889 a composite number?
False
Is 3255428261 a composite number?
True
Is 24444831001 composite?
True
Is 30467477243 prime?
False
Is 25932394 a prime number?
False
Is 2771731163 composite?
False
Is 154696891 a composite number?
True
Is 11460138927 a prime number?
False
Is 397011833 a prime number?
True
Is 6544667 composite?
False
Is 588917411 composite?
False
Is 69109326427 a prime number?
False
Is 53717367677 prime?
True
Is 36274582859 a prime number?
True
Is 6423075889 prime?
True
Is 4233742949 composite?
True
Is 8284964531 composite?
True
Is 1745482793 prime?
False
Is 3776572207 composite?
False
Is 26294412827 a prime number?
False
Is 239293391 prime?
False
Is 1298942189 prime?
True
Is 248020771 prime?
True
Is 66264619171 a composite number?
False
Is 2348116594 a composite number?
True
Is 9429053047 composite?
False
Is 1848206963 composite?
False
Is 5185590469 prime?
True
Is 584501771 a prime number?
False
Is 8070507227 composite?
True
Is 826222039 prime?
False
Is 595477877 prime?
True
Is 18224239597 a composite number?
True
Is 52288548539 prime?
True
Is 19522229 composite?
False
Is 13242255347 a prime number?
False
Is 805364509 composite?
True
Is 77182501405 a prime number?
False
Is 4200064135 a composite number?
True
Is 24406288